{"id":24,"date":"2007-04-30T19:17:45","date_gmt":"2007-04-30T16:17:45","guid":{"rendered":"http:\/\/kariyeryolculugu.com\/blog\/?page_id=24"},"modified":"2022-01-01T10:35:35","modified_gmt":"2022-01-01T07:35:35","slug":"fatmanur-erdogan","status":"publish","type":"page","link":"https:\/\/kariyeryolculugu.com\/blog\/fatmanur-erdogan\/","title":{"rendered":"Fatmanur Erdogan"},"content":{"rendered":"\n<p class=\"has-text-align-left\"><span style=\"color: #333399; font-size: 12pt;\"><a style=\"color: #333399;\" href=\"http:\/\/www.fatmanurerdogan.com\"><span style=\"color: #ff6600;\">www.fatmanurerdogan.com<\/span><\/a><\/span><\/p>\n\n\n\n<p class=\"has-normal-font-size\"><span style=\"font-size: 12pt; color: #333333;\"><strong><span style=\"font-family: Merriweather;\">Hayat\u0131m\u0131n hi\u00e7 bir d\u00f6neminde doktor olmay\u0131 d\u00fc\u015f\u00fcnmedim.<\/span><\/strong><\/span><\/p>\n\n\n\n<p class=\"has-normal-font-size\"><span style=\"font-size: 12pt; color: #333333; font-family: Merriweather;\">\u00c7ocukken <strong>&#8220;B\u00fcy\u00fcy\u00fcnce ne olmak istersin?&#8221;<\/strong> diye sorduklar\u0131nda&nbsp;&#8216;hen\u00fcz bilmiyorum&#8217; cevab\u0131n\u0131 verirdim. Daha \u00e7ocuk ya\u015flardan itibaren &#8216;gelece\u011fi&#8217; d\u00fc\u015f\u00fcnmeyi yani yar\u0131na odaklanmay\u0131 \u00f6\u011freniyoruz. \u00d6yle ki daha hayat hakk\u0131nda fazla bir \u015fey bilmeden bir se\u00e7im yapmam\u0131z bekleniyor bizden&#8230;<\/span><\/p>\n\n\n\n<p><span style=\"font-size: 12pt; color: #333333; font-family: Merriweather;\"><strong>D\u00fcnyaya ciddi anlamda a\u00e7\u0131lmaya \u00fcniversite y\u0131llar\u0131mda ba\u015flad\u0131m.<\/strong> Her gitti\u011fim \u00fclkede yeni fikirler, farkl\u0131 ki\u015filikler, de\u011fi\u015fik hayatlar ve ilgin\u00e7 hikayelerle kar\u015f\u0131la\u015ft\u0131m. \u00dcniversitede kapitalizm \u00fczerine yazd\u0131\u011f\u0131m bir arguman&#8217;\u0131n art\u0131k ate\u015fli savunucusu de\u011fildim. I\u015fletme fak\u00fcltesindeki tezimi Japon Y\u00f6netim Sistemleri \u00fczerine haz\u0131rlarken, d\u00fcnyay\u0131 ke\u015ffetmekten ne kadar b\u00fcy\u00fck haz ald\u0131\u011f\u0131m\u0131 birkez daha farkettim.<\/span><\/p>\n\n\n\n<p><span style=\"font-size: 12pt; color: #333333; font-family: Merriweather;\"><strong>Norve\u00e7&#8217;in fyord&#8217;lar\u0131 hep \u00e7ekmi\u015ftir beni.<\/strong> \u0130\u015f hayat\u0131ma d\u00fcnya&#8217;n\u0131n en b\u00fcy\u00fck petrokimya \u015firketlerinden bir tanesinde &#8220;Market Researcher&#8221; g\u00f6reviyle ba\u015flad\u0131m. Ara\u015ft\u0131rma alanlar\u0131m Uruguay, Paraguay ve \u0130srail oldu. 13 ki\u015fiden olu\u015fan departmanda ayn\u0131 \u00fclkeden iki ki\u015fi yoktu. Yeni dostlar\u0131m nezaket olsun diye benimle \u0130ngilizce konu\u015fmuyorlard\u0131 yani. Ortak bir dile ihtiya\u00e7 vard\u0131&#8230;<strong>\u0130\u015fte bu grup harikayd\u0131. <\/strong><\/span><\/p>\n\n\n\n<p><span style=\"font-size: 12pt; color: #333333; font-family: Merriweather;\"><strong>\u0130skandinavya&#8217;n\u0131n so\u011fuklar\u0131na ara verip, Uzakdo\u011fu&#8217;nun nemli s\u0131caklar\u0131na do\u011fru yol almak iste\u011fim, buradaki k\u00fclt\u00fcrleri anlamak ihtiyac\u0131mla birle\u015fti. <\/strong>Hayat beni Norve\u00e7&#8217;ten Singapur&#8217;a s\u00fcr\u00fckledi. Orada ilk \u00f6nce bir \u00c7inli, Koreli, Taiwan&#8217;l\u0131, Singapurlu, Endonezyal\u0131 ve Malezyal\u0131y\u0131 birbirinden nas\u0131l ay\u0131rt edebilece\u011fimi \u00f6\u011frendim. \u0130simler konusunda fazla sorun yoktu. \u00c7o\u011fu &#8220;Kim yada Lim&#8221;di zaten. \u00dcstelik isimlerini s\u00f6ylemekten \u00f6nce kartvizitlerini uzat\u0131yorlard\u0131. Uluslararas\u0131 bir \u015firkette &#8220;Marketing Executive&#8221; olarak Hintli bir CEO ve Hong Kong&#8217;lu bir Pazarlama Direkt\u00f6r\u00fc ile \u00e7al\u0131\u015ft\u0131m. 3 \u0131rk\u0131n bir arada ya\u015fad\u0131\u011f\u0131 bu toplumda m\u00fccadele vermeyi ger\u00e7ek anlamda \u00f6\u011frendim. Japonlar ile \u00c7inliler aras\u0131ndaki y\u00f6netim farkl\u0131l\u0131klar\u0131n\u0131 ve \u00c7inliler ile T\u00fcrkler aras\u0131ndaki benzerlikleri g\u00f6rd\u00fcm.<\/span><\/p>\n\n\n\n<p><span style=\"font-size: 12pt; color: #333333; font-family: Merriweather;\"><strong>Biraz daha b\u00fcy\u00fck oynaman\u0131n ve belki de okyanus&#8217;da surf yapman\u0131n zaman\u0131 gelmi\u015fti. <\/strong>Kaliforniya bana kollar\u0131n\u0131 a\u00e7t\u0131. Kendimi Amerika&#8217;n\u0131n en \u00f6nemli ve en b\u00fcy\u00fck Macintosh konferans\u0131 olan Mac Summit Konferans\u0131n\u0131n organizasyonunda buldum. \u0130lk olarak Apple Inc&#8217;in bir zamanlar CMO&#8217;su olan Guy Kawasaki&#8217;ye merhaba dedim. Dreamworks st\u00fcdyolar\u0131n\u0131n yap\u0131mc\u0131lar\u0131, Dana Ashley gibi tasar\u0131m ve teknoloji dehalar\u0131n\u0131n aras\u0131ndayd\u0131m bir anda. O zamanlar bu gibi insanlarla tan\u0131\u015fman\u0131n \u00f6yle zor olmad\u0131\u011f\u0131n\u0131 bilmiyordum. Kumsalda otururken yan\u0131n\u0131zda Google.com&#8217;un kurucusunun ba\u011fda\u015f kurup sohbet etmeye ba\u015flayabilece\u011fi fikri pek yak\u0131n gelmiyordu.&nbsp; Oysa Tom Peters, Sergio Zyman, John Gray, Don Pepper, Martha Roggers, George Stephanapolis, Michael Douglas, Stephen Hawkins gibi alan\u0131nda isim yapm\u0131\u015f ba\u015far\u0131l\u0131 isimlerle bir araya gelmenin o kadar da ula\u015f\u0131lmaz olmad\u0131\u011f\u0131n\u0131 g\u00f6rd\u00fcm. <\/span><\/p>\n\n\n\n<p><span style=\"font-size: 12pt; color: #333333; font-family: Merriweather;\"><strong>Singapur&#8217;da Internet&#8217;le ha\u015f\u0131r ne\u015fir olman\u0131n sadece \u00fcst d\u00fczey y\u00f6neticilere ait oldu\u011fu bir ortamdan, &#8220;teknoloji hepimiz i\u00e7indir&#8221; diyen a\u00e7\u0131k bir anlay\u0131\u015fa yolculuktu Amerika&#8217;daki hayat\u0131m.<\/strong> Kaliforniya&#8217;n\u0131n &#8220;Internet Boom&#8221; ad\u0131 verilen d\u00f6nemine ayak basmamla yeni bir \u00f6\u011frenim s\u00fcreci de b\u00f6ylece ba\u015flam\u0131\u015f oldu. <\/span><\/p>\n\n\n\n<p><span style=\"font-size: 12pt; color: #333333; font-family: Merriweather;\"><strong>Olduk\u00e7a ba\u015far\u0131l\u0131 ge\u00e7en bir organizasyonun arkas\u0131ndan yeni bir i\u015f teklifine ve okyanus kenar\u0131nda, 365 g\u00fcn\u00fc g\u00fcne\u015fli olan bir hayata evet dedim. <\/strong>&#8220;International Marketing Manager&#8221;&nbsp;g\u00f6reviyle d\u00fcnyan\u0131n d\u00f6rt bir yan\u0131nda ve \u00e7ok \u00e7e\u015fitli k\u00fclt\u00fcrlerle reklam ve pazarlama stratejileri geli\u015ftirmek muhte\u015fem bir deneyimdi.&nbsp;Internet&#8217;in do\u011fu\u015f yeri olan \u00fcniversitelerden biri olan University of California&#8217;da ald\u0131\u011f\u0131m pazarlama e\u011fitimimin i\u00e7eri\u011fini de etraf\u0131mdaki insanlar\u0131n ve i\u015f d\u00fcnyas\u0131n\u0131n etkisiyle e-commerce, web design ve graphic design olarak geni\u015flettim.&nbsp; <\/span><\/p>\n\n\n\n<p><span style=\"font-size: 12pt; color: #333333; font-family: Merriweather;\">Bu s\u00fcre i\u00e7erisinde i\u015fim gere\u011fi d\u00fcnyan\u0131n d\u00f6rt bir ucunu dola\u015fmaya devam ettim. Yolculuklar\u0131mda dostlar\u0131ma hikayelerimi anlatt\u0131m. Dedim ki, &#8220;\u0130nanam\u0131yorum!&#8230;Bir iki g\u00fcn \u00f6nce bir beyin f\u0131rt\u0131nas\u0131 yapt\u0131k bir oturumda. Bunlar \u015fortlu ve sandaletli i\u015f insanlar\u0131yd\u0131. Kravat takm\u0131yor, ceket etek giymiyorlard\u0131. \u0130\u015f yerlerinde deniz koltuklar\u0131 vard\u0131. Evlerinin garajlar\u0131ndan k\u00fc\u00e7\u00fck bir bilgisayarla \u00e7al\u0131\u015f\u0131yorlard\u0131. Ertesi g\u00fcn fikirlerini be\u011fenen biri \u00e7\u0131k\u0131yor, \u00f6yle ki fikrinize yat\u0131r\u0131m yapmak istiyorum diyordu. Bir anda bir \u015firket kurulup, bir grup &#8220;Angel Investor&#8221; ve &#8220;Venture Capital&#8221; sermayesi ile hayata ge\u00e7iyordu&#8230; Bir sene sonra \u015firket 200 ki\u015finin \u00e7al\u0131\u015ft\u0131\u011f\u0131 bir yer oluyordu. &#8220;Sat\u0131\u015flar nas\u0131l?&#8221; diyordum. &#8220;Hen\u00fcz hi\u00e7 satmad\u0131.&#8221; diyorlard\u0131. Muhte\u015fem bir d\u00f6ng\u00fcyd\u00fc bu. Di\u011fer bir \u015firket &#8220;Sat\u0131\u015flar \u00e7ok ama kara ge\u00e7emedik diyordu.&#8221; Dostum diyorum, burada hayat \u00e7ok h\u0131zl\u0131 gidiyor. \u00d6yle h\u0131zl\u0131 ki deniz, kum ve g\u00fcne\u015f olmasa bu h\u0131zda ya\u015famak pek m\u00fcmk\u00fcn olmazd\u0131!<\/span><\/p>\n\n\n\n<p><span style=\"font-size: 12pt; color: #333333; font-family: Merriweather;\"><strong>Bu arada \u00f6\u011frendi\u011fim software programlar\u0131 her alt\u0131 ayda bir &#8216;upgrade&#8217; oluyordu.<\/strong> Oysa ben daha yeni \u00f6\u011frenmi\u015ftim bir \u00f6nceki versiyonu kullanmay\u0131! Yani daha adapte olmaya ve al\u0131\u015fmaya zaman bile olmuyordu ki versiyon de\u011fi\u015fiyordu. Buradaki d\u00f6ng\u00fc, d\u00fcnyan\u0131n hi\u00e7 bir yerinde hissetmedi\u011finiz kadar h\u0131zl\u0131yd\u0131. \u00d6yle ki e\u011fer bu h\u0131z ba\u015f\u0131n\u0131z\u0131 d\u00f6nd\u00fcrm\u00fcyorsa, oradaki hayat\u0131n i\u00e7inde olmad\u0131\u011f\u0131n\u0131z s\u00f6ylenebilirdi. <\/span><\/p>\n\n\n\n<p><span style=\"font-size: 12pt; color: #333333; font-family: Merriweather;\"><strong>Bu ba\u015f d\u00f6nmesi yerini birka\u00e7 y\u0131ll\u0131k oturakl\u0131 bir e-biz d\u00f6nemine b\u0131rakt\u0131. Heyecan yerini iki kere d\u00fc\u015f\u00fcnerek i\u015f kurma ve daha tutucu yat\u0131r\u0131m yapma devresine \u00e7oktan b\u0131rakm\u0131\u015ft\u0131.<\/strong> Amerika&#8217;n\u0131n bu durgunluk d\u00f6neminde, daha hareketli bir ortama atlaman\u0131n da benim i\u00e7in zaman\u0131 gelmi\u015fti&#8230;<\/span><\/p>\n\n\n\n<p><span style=\"font-size: 12pt; color: #333333; font-family: Merriweather;\"><strong>T\u00fcrkiye&#8217;ye d\u00f6nd\u00fc\u011f\u00fcmde kurals\u0131z bir toplum d\u00fczeni ile kar\u015f\u0131la\u015ft\u0131m. <\/strong>Arabayla Bodrum&#8217;a do\u011fru yol al\u0131rken trafik kural\u0131na uydu\u011fum i\u00e7in cam\u0131n\u0131 \u015fiddetle a\u015fa\u011f\u0131 indiren bir s\u00fcr\u00fcc\u00fcn\u00fcn nazik s\u00f6zlerine maruz kald\u0131m. Hakl\u0131yd\u0131. \u00d6nemli olan toplumun olu\u015fturdu\u011fu sistematikdi belkide. Yaz\u0131l\u0131 olan kurallar de\u011fil. Kurals\u0131z bir ortam\u0131n i\u00e7erisinde olu\u015fturulmu\u015f bir sistem vard\u0131. Al\u0131\u015f\u0131lmas\u0131, \u00f6\u011frenilmesi ve de\u011fi\u015ftirilmesi gereken.<\/span><\/p>\n\n\n\n<p><span style=\"font-size: 12pt; color: #333333; font-family: Merriweather;\">&#8216;B\u00fcy\u00fcy\u00fcnce Ne Olmak \u0130stersin?&#8217; sorusunun cevab\u0131 <strong>&#8220;uluslararas\u0131l\u0131\u011f\u0131 a\u015f\u0131layan bir el\u00e7i olmak&#8221;<\/strong> olarak ifade buldu bende. <\/span><\/p>\n\n\n\n<blockquote class=\"wp-block-quote\"><p><span style=\"color: #333333; font-size: 12pt;\"><strong>Okura Not:<\/strong> B\u00fcy\u00fcy\u00fcnce ne olmak istiyorsun sorusunun cevab\u0131n\u0131 2010 y\u0131l\u0131nda &nbsp;&#8220;<strong>insanlar\u0131n daha iyi, daha kaliteli bir ya\u015fam s\u00fcrmesine katk\u0131da bulunmak<\/strong>&#8221; olarak revize ettim.<\/span><\/p><\/blockquote>\n\n\n\n<p><span style=\"color: #333333; font-size: 12pt;\"><a style=\"color: #333333;\" href=\"http:\/\/www.fatmanurerdogan.com\">2003, Fatmanur Erdogan<\/a><\/span><\/p>\n","protected":false},"excerpt":{"rendered":"<p>www.fatmanurerdogan.com Hayat\u0131m\u0131n hi\u00e7 bir d\u00f6neminde doktor olmay\u0131 d\u00fc\u015f\u00fcnmedim. \u00c7ocukken &#8220;B\u00fcy\u00fcy\u00fcnce ne olmak istersin?&#8221; diye sorduklar\u0131nda&nbsp;&#8216;hen\u00fcz bilmiyorum&#8217; cevab\u0131n\u0131 verirdim. Daha \u00e7ocuk ya\u015flardan itibaren &#8216;gelece\u011fi&#8217; d\u00fc\u015f\u00fcnmeyi yani yar\u0131na odaklanmay\u0131 \u00f6\u011freniyoruz. \u00d6yle ki daha hayat hakk\u0131nda fazla bir \u015fey bilmeden bir se\u00e7im yapmam\u0131z bekleniyor bizden&#8230; D\u00fcnyaya ciddi anlamda a\u00e7\u0131lmaya \u00fcniversite y\u0131llar\u0131mda ba\u015flad\u0131m. Her gitti\u011fim \u00fclkede yeni fikirler, farkl\u0131 [&hellip;]<\/p>\n","protected":false},"author":1,"featured_media":6169,"parent":0,"menu_order":0,"comment_status":"open","ping_status":"closed","template":"","meta":{"_exactmetrics_skip_tracking":false,"_exactmetrics_sitenote_active":false,"_exactmetrics_sitenote_note":"","_exactmetrics_sitenote_category":0,"_s2mail":"yes","footnotes":""},"_links":{"self":[{"href":"https:\/\/kariyeryolculugu.com\/blog\/wp-json\/wp\/v2\/pages\/24"}],"collection":[{"href":"https:\/\/kariyeryolculugu.com\/blog\/wp-json\/wp\/v2\/pages"}],"about":[{"href":"https:\/\/kariyeryolculugu.com\/blog\/wp-json\/wp\/v2\/types\/page"}],"author":[{"embeddable":true,"href":"https:\/\/kariyeryolculugu.com\/blog\/wp-json\/wp\/v2\/users\/1"}],"replies":[{"embeddable":true,"href":"https:\/\/kariyeryolculugu.com\/blog\/wp-json\/wp\/v2\/comments?post=24"}],"version-history":[{"count":12,"href":"https:\/\/kariyeryolculugu.com\/blog\/wp-json\/wp\/v2\/pages\/24\/revisions"}],"predecessor-version":[{"id":6166,"href":"https:\/\/kariyeryolculugu.com\/blog\/wp-json\/wp\/v2\/pages\/24\/revisions\/6166"}],"wp:featuredmedia":[{"embeddable":true,"href":"https:\/\/kariyeryolculugu.com\/blog\/wp-json\/wp\/v2\/media\/6169"}],"wp:attachment":[{"href":"https:\/\/kariyeryolculugu.com\/blog\/wp-json\/wp\/v2\/media?parent=24"}],"curies":[{"name":"wp","href":"https:\/\/api.w.org\/{rel}","templated":true}]}}