{"id":3011,"date":"2011-07-08T20:41:11","date_gmt":"2011-07-08T17:41:11","guid":{"rendered":"http:\/\/kariyeryolculugu.com\/blog\/?page_id=3011"},"modified":"2019-10-16T00:33:36","modified_gmt":"2019-10-15T21:33:36","slug":"basin","status":"publish","type":"page","link":"https:\/\/kariyeryolculugu.com\/blog\/basin\/","title":{"rendered":"Bas\u0131n"},"content":{"rendered":"<h2><strong><span style=\"color: #800080;\">Yaz\u0131l\u0131 Bas\u0131nda Kariyer Yolculugu<\/span><\/strong><\/h2>\n<p><a title=\"Fatmanur Erdogan, Fatmanur Erdo\u011fan, Kariyer Yolculugu, Kariyer Yolculugum\" href=\"http:\/\/www.eksisozluk.com\/show.asp?t=fatmanur%20erdo\u011fan\"><span style=\"color: #000000;\"><strong>Ek\u015fi S\u00f6zl\u00fck: <\/strong><\/span>Fatmanur Erdogan<\/a><\/p>\n<p><strong>Kapak Haberi. Ne Var Ne Yak. Gelece\u011fi Tasarlama Yollar\u0131<\/strong><br \/>\n(Sebnem Burcuoglu haberi)<br \/>\n<a href=\"http:\/\/kariyeryolculugu.com\/blog\/wp-content\/uploads\/2011\/07\/ELLE-COVER-STORY-FATMANUR-ERDOGAN-155_156_ELLE150.jpg\" target=\"_blank\" rel=\"noopener noreferrer\"><img loading=\"lazy\" decoding=\"async\" class=\"size-large wp-image-3432 alignleft\" style=\"border: 1px solid black;\" title=\"ELLE-COVER-STORY-FATMANUR-ERDOGAN-155_156_ELLE150\" src=\"http:\/\/kariyeryolculugu.com\/blog\/wp-content\/uploads\/2011\/07\/ELLE-COVER-STORY-FATMANUR-ERDOGAN-155_156_ELLE150-775x1024.jpg\" alt=\"\" width=\"100\" height=\"133\" \/><\/a><a href=\"http:\/\/kariyeryolculugu.com\/blog\/wp-content\/uploads\/2011\/07\/ELLE-COVER-FATMANUR-ERDOGAN-155_156_ELLE150-1.jpg\" target=\"_blank\" rel=\"noopener noreferrer\"><img loading=\"lazy\" decoding=\"async\" class=\"alignleft size-thumbnail wp-image-3433\" style=\"border: 1px solid black;\" title=\"ELLE-COVER-FATMANUR-ERDOGAN-155_156_ELLE150-1\" src=\"http:\/\/kariyeryolculugu.com\/blog\/wp-content\/uploads\/2011\/07\/ELLE-COVER-FATMANUR-ERDOGAN-155_156_ELLE150-1-150x150.jpg\" alt=\"\" width=\"119\" height=\"119\" \/><\/a><\/p>\n<p><a title=\"fatmanur erdogan, dijital bakis\" href=\"http:\/\/kariyeryolculugu.com\/blog\/2014\/02\/15\/sosyal-mecralar-insani-insana-yaklastiran-araclardir\/\"><img loading=\"lazy\" decoding=\"async\" class=\"alignleft wp-image-4098\" src=\"http:\/\/kariyeryolculugu.com\/blog\/wp-content\/uploads\/2011\/07\/TRT-T\u00fcrk-150x150.jpg\" alt=\"TRT-T\u00fcrk\" width=\"54\" height=\"54\" \/><\/a><\/p>\n<p><a title=\"fatmanur erdogan, dijital bakis\" href=\"http:\/\/kariyeryolculugu.com\/blog\/2014\/02\/15\/sosyal-mecralar-insani-insana-yaklastiran-araclardir\/\">TRT T\u00fcrk, Dijital Bak\u0131\u015f, Kadin ve Dijital Giri\u015fimcilik 2013<\/a><\/p>\n<p style=\"text-align: left;\"><strong><img loading=\"lazy\" decoding=\"async\" class=\"alignleft size-thumbnail wp-image-3031\" title=\"capital\" src=\"http:\/\/kariyeryolculugu.com\/blog\/wp-content\/uploads\/2011\/07\/capital1-150x64.jpg\" alt=\"\" width=\"57\" height=\"24\" \/>Capital Dergisi&#8211; \u00a0<a title=\"Fatmanur Erdogan, Capital, Fatmanur Erdo\u011fan, Verimlilik Art\u0131yor, Maliyetler D\u00fc\u015f\u00fcyor\" href=\"http:\/\/www.capital.com.tr\/maliyet-dusuyor-verimlilik-artiyor-haberler\/19967.aspx\">Maliyetler D\u00fc\u015f\u00fcyor, Verimlilik Art\u0131yor<\/a>.<br \/>\n<\/strong>(Hande Yavuz haberi, 1 Subat 2008)<\/p>\n<p><strong><img loading=\"lazy\" decoding=\"async\" class=\"alignleft size-thumbnail wp-image-3031\" title=\"capital\" src=\"http:\/\/kariyeryolculugu.com\/blog\/wp-content\/uploads\/2011\/07\/capital1-150x64.jpg\" alt=\"\" width=\"59\" height=\"25\" \/>Capital Dergisi (Kapak Haberi)&#8211; <a title=\"Fatmanur Erdogan, Capital, Fatmanur Erdo\u011fan, Bu i\u015f i\u00e7in fazlas\u0131n sendromu\" href=\"http:\/\/www.capital.com.tr\/bu-is-icin-fazlasin-sendromu-haberler\/22865.aspx\">Bu I\u015f I\u00e7in Fazlas\u0131n Sendromu<\/a>.<br \/>\n<\/strong>(Ay\u015fe Tarcan Aksakal haberi, 1 Nisan 2011 )<\/p>\n<p><strong><img loading=\"lazy\" decoding=\"async\" class=\"alignleft size-thumbnail wp-image-3031\" title=\"capital\" src=\"http:\/\/kariyeryolculugu.com\/blog\/wp-content\/uploads\/2011\/07\/capital1-150x64.jpg\" alt=\"\" width=\"57\" height=\"24\" \/>Capital Dergisi&#8211; <a title=\"Fatmanur, Erdogan, Capital, Fatmanur Erdo\u011fan, \u0130\u015f d\u00fcnyas\u0131n\u0131n bloggerlar\u0131\" href=\"http:\/\/www.capital.com.tr\/is-dunyasinin-bloggerlari-haberler\/20795.aspx\">I\u015f D\u00fcnyas\u0131n\u0131n Bloggerlar\u0131<\/a>.<br \/>\n<\/strong>(Ay\u00e7e Tarcan Aksakal haberi, 1 Haziran 2009)<\/p>\n<p><strong><img loading=\"lazy\" decoding=\"async\" class=\"alignleft size-thumbnail wp-image-3031\" title=\"capital\" src=\"http:\/\/kariyeryolculugu.com\/blog\/wp-content\/uploads\/2011\/07\/capital1-150x64.jpg\" alt=\"\" width=\"57\" height=\"24\" \/>Capital Dergisi&#8211; <a title=\"Fatmanur Erdogan, Capital, Fatmanur Erdo\u011fan, Ye\u015fil \u015firket olma yar\u0131\u015f\u0131\" href=\"http:\/\/www.capital.com.tr\/yesil-sirket-olma-yarisi-haberler\/19581.aspx\">Ye\u015fil Sirket Olma Yar\u0131\u015f\u0131<\/a><\/strong>.<br \/>\n(Hande Yavuz haberi, 1 Haziran 2007)<\/p>\n<p><strong><img loading=\"lazy\" decoding=\"async\" class=\"alignleft size-full wp-image-3032\" title=\"ntvmsnbc\" src=\"http:\/\/kariyeryolculugu.com\/blog\/wp-content\/uploads\/2011\/07\/ntvmsnbc.jpg\" alt=\"\" width=\"38\" height=\"38\" \/> NTV&#8211; <a title=\"Fatmanur Erdogan, Capital, Fatmanur Erdo\u011fan, blog \u00f6d\u00fclleri sahiplerini ar\u0131yor\" href=\"http:\/\/www.ntvmsnbc.com\/id\/25065340\/\">Blog Od\u00fclleri Sahiplerini Ar\u0131yor<\/a><\/strong>.<br \/>\n(ntvmsnbc haberi)<\/p>\n<p><strong><img loading=\"lazy\" decoding=\"async\" class=\"alignleft size-thumbnail wp-image-3024\" title=\"sabah\" src=\"http:\/\/kariyeryolculugu.com\/blog\/wp-content\/uploads\/2011\/07\/sabah-150x90.gif\" alt=\"\" width=\"57\" height=\"34\" \/>Sabah Gazetesi&#8211; <a title=\"Fatmanur Erdogan, Sabah, Fatmanur Erdo\u011fan, En pop\u00fcler ik bloglar\u0131n\u0131n g\u00fcndemi i\u015fsizlik ve kriz\" href=\"http:\/\/www.isteinsan.com.tr\/iste_ik\/en_populer_ik_bloglarinin_gundemi_de_kriz_ve_issizlik.html\">En pop\u00fcler IK bloglar\u0131n\u0131n G\u00fcndemi Kriz ve I\u015fsizlik<\/a><\/strong>.<br \/>\n(Onur Uysal haberi, 8 \u015fubat 2009)<\/p>\n<p><strong><img loading=\"lazy\" decoding=\"async\" class=\"alignleft size-thumbnail wp-image-3024\" title=\"sabah\" src=\"http:\/\/kariyeryolculugu.com\/blog\/wp-content\/uploads\/2011\/07\/sabah-150x90.gif\" alt=\"\" width=\"58\" height=\"34\" \/>Sabah Gazetesi&#8211; <a title=\"Fatmanur Erdogan, Sabah, Iste Insan, Fatmanur Erdo\u011fan, Y\u00f6neticiler i\u015f aramada s\u0131n\u0131fta kald\u0131\" href=\"http:\/\/www.isteinsan.com.tr\/isteinsan_gazete\/yoneticiler_is_arama_konusunda_sinifta_kaldi.html\">Y\u00f6neticiler I\u015f Arama Konusunda S\u0131n\u0131fta Kald\u0131<\/a><\/strong>.<br \/>\n(Onur Uysal haberi, 26 Temmuz 2009)<\/p>\n<p><strong><img loading=\"lazy\" decoding=\"async\" class=\"alignleft size-thumbnail wp-image-3028\" title=\"sabahlogo\" src=\"http:\/\/kariyeryolculugu.com\/blog\/wp-content\/uploads\/2011\/07\/sabahlogo-150x90.gif\" alt=\"\" width=\"57\" height=\"34\" \/>Sabah Gazetesi&#8211; <a title=\"Fatmanur Erdogan, sabah, iste insan, blog kur kariyeryin parlasin\" href=\"http:\/\/www.isteinsan.com.tr\/isteinsan_gazete\/blog_kur_kariyerin_parlasin.html\">Blog Kur, Kariyerin Parlas\u0131n<\/a><\/strong>.<br \/>\n(Onur Uysal haberi, 9 A\u011fustos 2009)<\/p>\n<p><strong><img loading=\"lazy\" decoding=\"async\" class=\"alignleft size-thumbnail wp-image-3024\" title=\"sabah\" src=\"http:\/\/kariyeryolculugu.com\/blog\/wp-content\/uploads\/2011\/07\/sabah-150x90.gif\" alt=\"\" width=\"59\" height=\"35\" \/>Sabah Gazetesi&#8211; <a title=\"Fatmanur Erdogan, Fatmanur Erdo\u011fan, iki blog otede is var, onur uysan, sabah, iste insan\" href=\"http:\/\/istegenc.isteinsan.com.tr\/gencmeslek\/iki_blog_otede_is_var.html\">Iki Blog Otede I\u015f Var<\/a><\/strong>.<br \/>\n(Onur Uysal haberi, 26 Ekim 2010)<\/p>\n<p><strong><img loading=\"lazy\" decoding=\"async\" class=\"alignleft size-thumbnail wp-image-3037\" title=\"one\" src=\"http:\/\/kariyeryolculugu.com\/blog\/wp-content\/uploads\/2011\/07\/one-150x135.jpg\" alt=\"\" width=\"35\" height=\"32\" \/> One Dergi&#8211;\u00a0<a title=\"Fatmanur Erdo\u011fan, Fatmanur Erdogan, One dergi, Thomas Friedman\" href=\"http:\/\/www.onedergi.com\/2010\/06\/fatmanur-erdogan-thomas-friedmani-yazdi\/\">Fatmanur Erdo\u011fan Thomas Friedman&#8217;\u0131 Yazd\u0131<\/a>.<\/strong><\/p>\n<p><strong><img loading=\"lazy\" decoding=\"async\" class=\"alignleft size-full wp-image-3090\" title=\"kariyergenc\" src=\"http:\/\/kariyeryolculugu.com\/blog\/wp-content\/uploads\/2011\/07\/kariyergenc.jpg\" alt=\"\" width=\"46\" height=\"14\" \/>KariyerGenc.com&#8211; K<a title=\"Fatmanur Erdogan, kariyer genc, fatmanur Erdo\u011fan\" href=\"http:\/\/kariyergenc.com\/column\/248\/kariyerinize-hizli-baslamak-icin-ingilizce-sart\">ariyerinize H\u0131zl\u0131 Ba\u015flamak I\u00e7in Ingilizce Sart<\/a><\/strong>.<\/p>\n<p><strong><img loading=\"lazy\" decoding=\"async\" class=\"alignleft size-full wp-image-3095\" title=\"bildirgec\" src=\"http:\/\/kariyeryolculugu.com\/blog\/wp-content\/uploads\/2011\/07\/bildirgec.jpg\" alt=\"\" width=\"45\" height=\"43\" \/>Bildirgec.org&#8211;<a title=\"bildirgec.org fatmanur erdo\u011fan turkiye'de is ve kariyer rehberi\" href=\"http:\/\/www.bildirgec.org\/yazi\/turkiye-de-is-ve-kariyer\"> T\u00fcrkiye&#8217;de I\u015f ve Kariyer<\/a><\/strong>.<br \/>\n(Arda Kutsal haberi)<\/p>\n<p><strong>Kadinlararas\u0131.com&#8211;\u00a0<a title=\"Fatmanur Erdogan, kadinlar arasi, girisimci kisilik\" href=\"http:\/\/www.kadinlararasi.com\/0_guncel\/girisimci-fatmanur-erdogan-kariyer-yolculugu\">Giri\u015fimci Ki\u015filiklerin Ozelli\u011fi<\/a>&#8230;<br \/>\n<\/strong>(Neslihan Ozpolat haberi, 9 Nisan 2011)<\/p>\n<h2><span style=\"color: #993366;\"><strong>TV &amp; Radyo&#8217;da Fatmanur Erdo\u011fan<\/strong><\/span><\/h2>\n<p><strong><img loading=\"lazy\" decoding=\"async\" class=\"alignleft size-thumbnail wp-image-3046\" title=\"6news\" src=\"http:\/\/kariyeryolculugu.com\/blog\/wp-content\/uploads\/2011\/07\/6news-150x150.jpg\" alt=\"\" width=\"32\" height=\"32\" \/> 6 News <\/strong>(yak\u0131nda)<\/p>\n<p><strong> <img loading=\"lazy\" decoding=\"async\" class=\"alignleft size-thumbnail wp-image-3097\" title=\"trt\" src=\"http:\/\/kariyeryolculugu.com\/blog\/wp-content\/uploads\/2011\/07\/trt-150x150.jpg\" alt=\"\" width=\"26\" height=\"26\" \/> TRT<\/strong> (yak\u0131nda)<\/p>\n<p><strong>106.5 Ak\u015fam Simidi <\/strong>(yak\u0131nda)<\/p>\n<h2><span style=\"color: #800080;\"><span style=\"color: #993366;\">Di\u011fer Bas\u0131n Haberleri<\/span><\/span><\/h2>\n<ul>\n<li><strong>Business Week, Turuncu Kravatl\u0131lara Itinayla I\u015f Bulunur<\/strong><\/li>\n<\/ul>\n<p><a href=\"http:\/\/kariyeryolculugu.com\/blog\/wp-content\/uploads\/2011\/07\/turuncukravatlilar_businessweek3.jpg\"><img loading=\"lazy\" decoding=\"async\" class=\"size-medium wp-image-3080 alignleft\" title=\"turuncukravatlilar_businessweek3\" src=\"http:\/\/kariyeryolculugu.com\/blog\/wp-content\/uploads\/2011\/07\/turuncukravatlilar_businessweek3-215x300.jpg\" alt=\"\" width=\"215\" height=\"300\" \/><\/a><\/p>\n<ul>\n<li><strong><span style=\"color: #000000;\">Capital, Kurum Itibar\u0131<\/span><\/strong><\/li>\n<\/ul>\n<p><a href=\"http:\/\/kariyeryolculugu.com\/blog\/wp-content\/uploads\/2011\/07\/fatmanur-erdogan-kurumsal-iletisim1.jpg\"><img loading=\"lazy\" decoding=\"async\" class=\"alignleft size-medium wp-image-3106\" title=\"fatmanur-erdogan-kurumsal-iletisim\" src=\"http:\/\/kariyeryolculugu.com\/blog\/wp-content\/uploads\/2011\/07\/fatmanur-erdogan-kurumsal-iletisim1-225x300.jpg\" alt=\"\" width=\"225\" height=\"300\" \/><\/a><\/p>\n<ul>\n<li><strong><span style=\"color: #000000;\">Posta Gazetesi, Merve Ozaytekin&#8217;in haberi.<\/span><\/strong><\/li>\n<\/ul>\n<p><span style=\"color: #000000;\"><a href=\"http:\/\/kariyeryolculugu.com\/blog\/wp-content\/uploads\/2011\/07\/posta-gazetesi-fatmanur-erdogan.jpg\"><img loading=\"lazy\" decoding=\"async\" class=\"size-medium wp-image-3072 alignleft\" title=\"posta-gazetesi-fatmanur-erdogan\" src=\"http:\/\/kariyeryolculugu.com\/blog\/wp-content\/uploads\/2011\/07\/posta-gazetesi-fatmanur-erdogan-250x300.jpg\" alt=\"\" width=\"250\" height=\"300\" \/><\/a><\/span><\/p>\n<ul>\n<li><strong><span style=\"color: #000000;\">Capital, Internet Yasam<\/span><\/strong><\/li>\n<\/ul>\n<p><strong><span style=\"color: #000000;\"><a href=\"http:\/\/kariyeryolculugu.com\/blog\/wp-content\/uploads\/2011\/07\/capitalMayis2009.jpg\"><img loading=\"lazy\" decoding=\"async\" class=\"size-medium wp-image-3076 alignleft\" title=\"capitalMayis\" src=\"http:\/\/kariyeryolculugu.com\/blog\/wp-content\/uploads\/2011\/07\/capitalMayis2009-211x300.jpg\" alt=\"\" width=\"211\" height=\"300\" \/><\/a><\/span><\/strong><\/p>\n<ul>\n<li><strong><span style=\"color: #000000;\">Bas\u0131n Ileti\u015fimi Toplant\u0131s\u0131<\/span><\/strong><\/li>\n<\/ul>\n<p><a href=\"http:\/\/kariyeryolculugu.com\/blog\/wp-content\/uploads\/2011\/07\/100_091_fatmanur-erdogan1.jpg\"><img loading=\"lazy\" decoding=\"async\" class=\"alignleft size-medium wp-image-3132\" title=\"100_091_fatmanur-erdogan\" src=\"http:\/\/kariyeryolculugu.com\/blog\/wp-content\/uploads\/2011\/07\/100_091_fatmanur-erdogan1-300x199.jpg\" alt=\"\" width=\"300\" height=\"199\" \/><\/a><\/p>\n<ul>\n<li><strong>Panel <\/strong><\/li>\n<\/ul>\n<p><a href=\"http:\/\/kariyeryolculugu.com\/blog\/wp-content\/uploads\/2011\/07\/panelist.jpg\"><img loading=\"lazy\" decoding=\"async\" class=\"alignleft size-medium wp-image-3092\" title=\"panelist\" src=\"http:\/\/kariyeryolculugu.com\/blog\/wp-content\/uploads\/2011\/07\/panelist-257x300.jpg\" alt=\"\" width=\"257\" height=\"300\" \/><\/a><\/p>\n<p><strong><span style=\"color: #000000;\">\u00a0<\/span><\/strong><\/p>\n","protected":false},"excerpt":{"rendered":"<p>Yaz\u0131l\u0131 Bas\u0131nda Kariyer Yolculugu Ek\u015fi S\u00f6zl\u00fck: Fatmanur Erdogan Kapak Haberi. Ne Var Ne Yak. Gelece\u011fi Tasarlama Yollar\u0131 (Sebnem Burcuoglu haberi) TRT T\u00fcrk, Dijital Bak\u0131\u015f, Kadin ve Dijital Giri\u015fimcilik 2013 Capital Dergisi&#8211; \u00a0Maliyetler D\u00fc\u015f\u00fcyor, Verimlilik Art\u0131yor. (Hande Yavuz haberi, 1 Subat 2008) Capital Dergisi (Kapak Haberi)&#8211; Bu I\u015f I\u00e7in Fazlas\u0131n Sendromu. (Ay\u015fe Tarcan Aksakal haberi, 1 [&hellip;]<\/p>\n","protected":false},"author":1,"featured_media":0,"parent":0,"menu_order":3,"comment_status":"open","ping_status":"closed","template":"","meta":{"_exactmetrics_skip_tracking":false,"_exactmetrics_sitenote_active":false,"_exactmetrics_sitenote_note":"","_exactmetrics_sitenote_category":0,"_s2mail":"yes","footnotes":""},"_links":{"self":[{"href":"https:\/\/kariyeryolculugu.com\/blog\/wp-json\/wp\/v2\/pages\/3011"}],"collection":[{"href":"https:\/\/kariyeryolculugu.com\/blog\/wp-json\/wp\/v2\/pages"}],"about":[{"href":"https:\/\/kariyeryolculugu.com\/blog\/wp-json\/wp\/v2\/types\/page"}],"author":[{"embeddable":true,"href":"https:\/\/kariyeryolculugu.com\/blog\/wp-json\/wp\/v2\/users\/1"}],"replies":[{"embeddable":true,"href":"https:\/\/kariyeryolculugu.com\/blog\/wp-json\/wp\/v2\/comments?post=3011"}],"version-history":[{"count":4,"href":"https:\/\/kariyeryolculugu.com\/blog\/wp-json\/wp\/v2\/pages\/3011\/revisions"}],"predecessor-version":[{"id":5773,"href":"https:\/\/kariyeryolculugu.com\/blog\/wp-json\/wp\/v2\/pages\/3011\/revisions\/5773"}],"wp:attachment":[{"href":"https:\/\/kariyeryolculugu.com\/blog\/wp-json\/wp\/v2\/media?parent=3011"}],"curies":[{"name":"wp","href":"https:\/\/api.w.org\/{rel}","templated":true}]}}